{"id":10,"date":"2022-01-28T20:28:14","date_gmt":"2022-01-29T01:28:14","guid":{"rendered":"https:\/\/lepetitparc.ca\/nathalie\/?page_id=10"},"modified":"2022-01-28T20:28:14","modified_gmt":"2022-01-29T01:28:14","slug":"tout-ca-cest-moi","status":"publish","type":"page","link":"https:\/\/lepetitparc.ca\/nathalie\/tout-ca-cest-moi\/","title":{"rendered":"Tout \u00e7a, c&rsquo;est moi."},"content":{"rendered":"\n<figure class=\"wp-block-image size-large\"><img fetchpriority=\"high\" decoding=\"async\" width=\"1024\" height=\"769\" src=\"https:\/\/lepetitparc.ca\/nathalie\/wp-content\/uploads\/sites\/13\/2022\/01\/CNDL-2020-08-23-08677cft1-1024x769.jpg\" alt=\"\" class=\"wp-image-12\" srcset=\"https:\/\/lepetitparc.ca\/nathalie\/wp-content\/uploads\/sites\/13\/2022\/01\/CNDL-2020-08-23-08677cft1-1024x769.jpg 1024w, https:\/\/lepetitparc.ca\/nathalie\/wp-content\/uploads\/sites\/13\/2022\/01\/CNDL-2020-08-23-08677cft1-300x225.jpg 300w, https:\/\/lepetitparc.ca\/nathalie\/wp-content\/uploads\/sites\/13\/2022\/01\/CNDL-2020-08-23-08677cft1-768x577.jpg 768w, https:\/\/lepetitparc.ca\/nathalie\/wp-content\/uploads\/sites\/13\/2022\/01\/CNDL-2020-08-23-08677cft1-1536x1153.jpg 1536w, https:\/\/lepetitparc.ca\/nathalie\/wp-content\/uploads\/sites\/13\/2022\/01\/CNDL-2020-08-23-08677cft1-1568x1177.jpg 1568w, https:\/\/lepetitparc.ca\/nathalie\/wp-content\/uploads\/sites\/13\/2022\/01\/CNDL-2020-08-23-08677cft1.jpg 1598w\" sizes=\"(max-width: 1024px) 100vw, 1024px\" \/><\/figure>\n\n\n\n<p class=\"wp-block-paragraph\">Un petit bonjour de derri\u00e8re un basilic! Vous trouverez sur mon coin du petit parc: des histoires, des r\u00e9flexions et d&rsquo;autres trucs. J&rsquo;ai fait des \u00e9tudes en sciences, travaill\u00e9 pour des organismes environnementaux, enseign\u00e9, je suis semenci\u00e8re et aussi tutrice pour les jeunes qui essaient de comprendre ce casse-t\u00eate fascinant qu&rsquo;on appelle les math\u00e9matiques. Je suis passionn\u00e9e de plein de choses: l&rsquo;environnement, le jardinage, l&rsquo;allaitement, la p\u00e9dagogie, la communication (et les relations humaines), l&rsquo;alimentation, la lecture, l&rsquo;\u00e9criture, le dessin et le pelletage de neige en hiver. Avant tout, j&rsquo;adore partager mes id\u00e9es, merci de venir me visiter!<\/p>\n\n\n\n<blockquote class=\"wp-block-quote is-layout-flow wp-block-quote-is-layout-flow\"><p>Nathalie, semenciere d&rsquo;id\u00e9es et raconteuse d&rsquo;espoir<\/p><\/blockquote>\n","protected":false},"excerpt":{"rendered":"<p>Un petit bonjour de derri\u00e8re un basilic! Vous trouverez sur mon coin du petit parc: des histoires, des r\u00e9flexions et d&rsquo;autres trucs. J&rsquo;ai fait des \u00e9tudes en sciences, travaill\u00e9 pour des organismes environnementaux, enseign\u00e9, je suis semenci\u00e8re et aussi tutrice pour les jeunes qui essaient de comprendre ce casse-t\u00eate fascinant qu&rsquo;on appelle les math\u00e9matiques. Je&hellip; <a class=\"more-link\" href=\"https:\/\/lepetitparc.ca\/nathalie\/tout-ca-cest-moi\/\">Continue reading <span class=\"screen-reader-text\">Tout \u00e7a, c&rsquo;est moi.<\/span><\/a><\/p>\n","protected":false},"author":12,"featured_media":0,"parent":0,"menu_order":0,"comment_status":"closed","ping_status":"closed","template":"","meta":{"_acf_changed":false,"_crdt_document":"","disable_featured_image":false,"footnotes":""},"genres":[],"class_list":["post-10","page","type-page","status-publish","hentry","entry"],"acf":[],"_links":{"self":[{"href":"https:\/\/lepetitparc.ca\/nathalie\/wp-json\/wp\/v2\/pages\/10","targetHints":{"allow":["GET"]}}],"collection":[{"href":"https:\/\/lepetitparc.ca\/nathalie\/wp-json\/wp\/v2\/pages"}],"about":[{"href":"https:\/\/lepetitparc.ca\/nathalie\/wp-json\/wp\/v2\/types\/page"}],"author":[{"embeddable":true,"href":"https:\/\/lepetitparc.ca\/nathalie\/wp-json\/wp\/v2\/users\/12"}],"replies":[{"embeddable":true,"href":"https:\/\/lepetitparc.ca\/nathalie\/wp-json\/wp\/v2\/comments?post=10"}],"version-history":[{"count":3,"href":"https:\/\/lepetitparc.ca\/nathalie\/wp-json\/wp\/v2\/pages\/10\/revisions"}],"predecessor-version":[{"id":28,"href":"https:\/\/lepetitparc.ca\/nathalie\/wp-json\/wp\/v2\/pages\/10\/revisions\/28"}],"wp:attachment":[{"href":"https:\/\/lepetitparc.ca\/nathalie\/wp-json\/wp\/v2\/media?parent=10"}],"wp:term":[{"taxonomy":"genres","embeddable":true,"href":"https:\/\/lepetitparc.ca\/nathalie\/wp-json\/wp\/v2\/genres?post=10"}],"curies":[{"name":"wp","href":"https:\/\/api.w.org\/{rel}","templated":true}]}}