{"id":147,"date":"2021-12-19T12:08:24","date_gmt":"2021-12-19T17:08:24","guid":{"rendered":"https:\/\/lepetitparc.ca\/henri\/?page_id=147"},"modified":"2022-06-19T19:33:17","modified_gmt":"2022-06-19T23:33:17","slug":"a-propos-de-moi","status":"publish","type":"page","link":"https:\/\/lepetitparc.ca\/henri\/a-propos-de-moi\/","title":{"rendered":"\u00c0 propos"},"content":{"rendered":"<div class=\"entry\">\n\n\n<div class=\"wp-block-columns is-layout-flex wp-container-core-columns-is-layout-8f761849 wp-block-columns-is-layout-flex\">\n<div class=\"wp-block-column is-layout-flow wp-block-column-is-layout-flow\" style=\"flex-basis:33.33%\">\n<figure class=\"wp-block-gallery has-nested-images columns-default is-cropped wp-block-gallery-1 is-layout-flex wp-block-gallery-is-layout-flex\">\n<figure class=\"wp-block-image size-full\"><img fetchpriority=\"high\" decoding=\"async\" width=\"609\" height=\"536\" data-id=\"214\" src=\"https:\/\/lepetitparc.ca\/henri\/wp-content\/uploads\/sites\/7\/2022\/01\/Greve_Ligne_C1.jpg\" alt=\"\" class=\"wp-image-214\" srcset=\"https:\/\/lepetitparc.ca\/henri\/wp-content\/uploads\/sites\/7\/2022\/01\/Greve_Ligne_C1.jpg 609w, https:\/\/lepetitparc.ca\/henri\/wp-content\/uploads\/sites\/7\/2022\/01\/Greve_Ligne_C1-300x264.jpg 300w\" sizes=\"(max-width: 609px) 100vw, 609px\" \/><\/figure>\n<\/figure>\n<\/div>\n\n\n\n<div class=\"wp-block-column is-layout-flow wp-block-column-is-layout-flow\" style=\"flex-basis:66.66%\">\n<p class=\"wp-block-paragraph\"><\/p>\n\n\n\n<p class=\"wp-block-paragraph\"><strong>P<\/strong>ropos hors propos<em> est un blogue <\/em>lubique <em>(attention, lisez bien !). Il se propulse l\u00e0 o\u00f9 l&rsquo;appellent mes lubies du moment. Son existence en retour me justifie de cultiver mes caprices.<\/em><\/p>\n\n\n\n<p class=\"wp-block-paragraph\"><em>Ce blogue est aussi s\u00e9rieux qu&rsquo;un (faux) pape, aussi fiable qu&rsquo;un (faux) jeton et n\u2019\u00e9vite aucun faux pas, \u00e0 la condition qu&rsquo;il l&rsquo;excuse de sauter de la vraisemblance \u00e0 la <\/em>fau<em>semblance (et vice versa).<\/em><\/p>\n\n\n\n<p class=\"wp-block-paragraph\"><em>Voil\u00e0, vous \u00eates pr\u00e9venus.<\/em><\/p>\n<\/div>\n<\/div>\n\n\n\n<p class=\"wp-block-paragraph\">D&rsquo;abord illustrateur, <em>Henri Lessard<\/em> s\u2019est converti \u00e0 la litt\u00e9rature. Il a publi\u00e9 le recueil de nouvelles <em><a href=\"https:\/\/interligne.ca\/auteurs-auteures\/henri-lessard\/greve-des-anges\/\" data-type=\"URL\" data-id=\"https:\/\/interligne.ca\/auteurs-auteures\/henri-lessard\/greve-des-anges\/\">Gr\u00e8ve des anges<\/a><\/em> (2019) et le roman <em><a href=\"https:\/\/interligne.ca\/auteurs-auteures\/henri-lessard\/ligne-de-grains\/\" data-type=\"URL\" data-id=\"https:\/\/interligne.ca\/auteurs-auteures\/henri-lessard\/ligne-de-grains\/\">Ligne de grains<\/a><\/em> (2022) aux <a href=\"https:\/\/interligne.ca\/\" data-type=\"URL\" data-id=\"https:\/\/interligne.ca\/\">\u00c9ditions L\u2019Interligne<\/a>. Un aper\u00e7u de ses publications est disponible \u00e0 la page \u00ab Mes livres \u00bb de ce blogue.<br>Quand il ne r\u00e9dige pas ses textes, Henri corrige ceux des autres, ce qui le rend un peu aga\u00e7ant.<\/p>\n\n\n\n<div style=\"height:24px\" aria-hidden=\"true\" class=\"wp-block-spacer\"><\/div>\n\n\n\n<figure class=\"wp-block-image size-full\"><img decoding=\"async\" width=\"207\" height=\"53\" data-src=\"https:\/\/lepetitparc.ca\/henri\/wp-content\/uploads\/sites\/7\/2021\/12\/copyrightdepot-seal-image-white2.png\" alt=\"\" class=\"wp-image-126 lazyload\" src=\"data:image\/svg+xml;base64,PHN2ZyB3aWR0aD0iMSIgaGVpZ2h0PSIxIiB4bWxucz0iaHR0cDovL3d3dy53My5vcmcvMjAwMC9zdmciPjwvc3ZnPg==\" style=\"--smush-placeholder-width: 207px; --smush-placeholder-aspect-ratio: 207\/53;\" \/><\/figure>\n\n\n\n<p class=\"wp-block-paragraph\">\u00a9 CopyrightDepot.com no 00072068<br>Henri Lessard \u00a9 CopyrightDepot.com no 00072068 <\/p>\n\n\n\n<p class=\"wp-block-paragraph\">Henri Lessard est, sauf indication contraire, l&rsquo;auteur des textes et images contenus dans ce blogue.<\/p>\n\n\n\n<div style=\"height:24px\" aria-hidden=\"true\" class=\"wp-block-spacer\"><\/div>\n\n\n\n<p class=\"has-text-align-center wp-block-paragraph\"><strong>Mes autre blogues<\/strong><\/p>\n\n\n\n<div style=\"height:24px\" aria-hidden=\"true\" class=\"wp-block-spacer\"><\/div>\n\n\n\n<div class=\"wp-block-columns is-layout-flex wp-container-core-columns-is-layout-8f761849 wp-block-columns-is-layout-flex\">\n<div class=\"wp-block-column is-layout-flow wp-block-column-is-layout-flow\">\n<figure class=\"wp-block-image size-full\"><img decoding=\"async\" width=\"640\" height=\"480\" data-src=\"https:\/\/lepetitparc.ca\/henri\/wp-content\/uploads\/sites\/7\/2021\/12\/DSCF5373aa.jpg\" alt=\"\" class=\"wp-image-127 lazyload\" data-srcset=\"https:\/\/lepetitparc.ca\/henri\/wp-content\/uploads\/sites\/7\/2021\/12\/DSCF5373aa.jpg 640w, https:\/\/lepetitparc.ca\/henri\/wp-content\/uploads\/sites\/7\/2021\/12\/DSCF5373aa-300x225.jpg 300w\" data-sizes=\"(max-width: 640px) 100vw, 640px\" src=\"data:image\/svg+xml;base64,PHN2ZyB3aWR0aD0iMSIgaGVpZ2h0PSIxIiB4bWxucz0iaHR0cDovL3d3dy53My5vcmcvMjAwMC9zdmciPjwvc3ZnPg==\" style=\"--smush-placeholder-width: 640px; --smush-placeholder-aspect-ratio: 640\/480;\" \/><figcaption><em><a href=\"https:\/\/balourdix.blogspot.com\/\" data-type=\"URL\" data-id=\"https:\/\/balourdix.blogspot.com\/\">Balour 10<\/a>, o\u00f9 l&rsquo;on parle de tout et de rien.<\/em><\/figcaption><\/figure>\n<\/div>\n\n\n\n<div class=\"wp-block-column is-layout-flow wp-block-column-is-layout-flow\">\n<figure class=\"wp-block-image size-full\"><img decoding=\"async\" width=\"600\" height=\"450\" data-src=\"https:\/\/lepetitparc.ca\/henri\/wp-content\/uploads\/sites\/7\/2021\/12\/0853.jpg\" alt=\"\" class=\"wp-image-128 lazyload\" data-srcset=\"https:\/\/lepetitparc.ca\/henri\/wp-content\/uploads\/sites\/7\/2021\/12\/0853.jpg 600w, https:\/\/lepetitparc.ca\/henri\/wp-content\/uploads\/sites\/7\/2021\/12\/0853-300x225.jpg 300w\" data-sizes=\"(max-width: 600px) 100vw, 600px\" src=\"data:image\/svg+xml;base64,PHN2ZyB3aWR0aD0iMSIgaGVpZ2h0PSIxIiB4bWxucz0iaHR0cDovL3d3dy53My5vcmcvMjAwMC9zdmciPjwvc3ZnPg==\" style=\"--smush-placeholder-width: 600px; --smush-placeholder-aspect-ratio: 600\/450;\" \/><figcaption><em><a href=\"https:\/\/geo-outaouais.blogspot.com\/\" data-type=\"URL\" data-id=\"https:\/\/geo-outaouais.blogspot.com\/\">G\u00e9o-Gatineau<\/a>, o\u00f9 l&rsquo;on parle de la g\u00e9ologie de l&rsquo;Outaouais.<\/em><\/figcaption><\/figure>\n<\/div>\n<\/div>\n\n\n<\/div>","protected":false},"excerpt":{"rendered":"<p>Propos hors propos est un blogue lubique (attention, lisez bien !). Il se propulse l\u00e0 o\u00f9 l&rsquo;appellent mes lubies du moment. Son existence en retour me justifie de cultiver mes caprices. Ce blogue est aussi s\u00e9rieux qu&rsquo;un (faux) pape, aussi fiable qu&rsquo;un (faux) jeton et n\u2019\u00e9vite aucun faux pas, \u00e0 la condition qu&rsquo;il l&rsquo;excuse de &#8230;<\/p>\n","protected":false},"author":7,"featured_media":347,"parent":0,"menu_order":0,"comment_status":"closed","ping_status":"closed","template":"","meta":{"_acf_changed":false,"_crdt_document":"","disable_featured_image":false,"footnotes":""},"genres":[],"class_list":["post-147","page","type-page","status-publish","has-post-thumbnail"],"acf":[],"_links":{"self":[{"href":"https:\/\/lepetitparc.ca\/henri\/wp-json\/wp\/v2\/pages\/147","targetHints":{"allow":["GET"]}}],"collection":[{"href":"https:\/\/lepetitparc.ca\/henri\/wp-json\/wp\/v2\/pages"}],"about":[{"href":"https:\/\/lepetitparc.ca\/henri\/wp-json\/wp\/v2\/types\/page"}],"author":[{"embeddable":true,"href":"https:\/\/lepetitparc.ca\/henri\/wp-json\/wp\/v2\/users\/7"}],"replies":[{"embeddable":true,"href":"https:\/\/lepetitparc.ca\/henri\/wp-json\/wp\/v2\/comments?post=147"}],"version-history":[{"count":13,"href":"https:\/\/lepetitparc.ca\/henri\/wp-json\/wp\/v2\/pages\/147\/revisions"}],"predecessor-version":[{"id":845,"href":"https:\/\/lepetitparc.ca\/henri\/wp-json\/wp\/v2\/pages\/147\/revisions\/845"}],"wp:featuredmedia":[{"embeddable":true,"href":"https:\/\/lepetitparc.ca\/henri\/wp-json\/wp\/v2\/media\/347"}],"wp:attachment":[{"href":"https:\/\/lepetitparc.ca\/henri\/wp-json\/wp\/v2\/media?parent=147"}],"wp:term":[{"taxonomy":"genres","embeddable":true,"href":"https:\/\/lepetitparc.ca\/henri\/wp-json\/wp\/v2\/genres?post=147"}],"curies":[{"name":"wp","href":"https:\/\/api.w.org\/{rel}","templated":true}]}}