{"id":81,"date":"2022-10-24T19:46:33","date_gmt":"2022-10-24T19:46:33","guid":{"rendered":"https:\/\/lepetitparc.ca\/chantal\/?page_id=81"},"modified":"2022-10-24T22:02:00","modified_gmt":"2022-10-24T22:02:00","slug":"a-propos","status":"publish","type":"page","link":"https:\/\/lepetitparc.ca\/chantal\/a-propos\/","title":{"rendered":"\u00c0 propos"},"content":{"rendered":"\n<h2 class=\"wp-block-heading\">Une fille de la campagne&#8230;<\/h2>\n\n\n\n<p class=\"wp-block-paragraph\">Pour ceux et celles qui s&rsquo;y int\u00e9ressent, je me pr\u00e9sente bri\u00e8vement.<\/p>\n\n\n\n<p class=\"wp-block-paragraph\">Je suis une fille de Namur, QC. Un petit hameau au sein d&rsquo;une vall\u00e9e dans la Petite-Nation. J&rsquo;ai fait le gros saut vers la ville d&rsquo;Ottawa afin d&rsquo;y obtenir mon Baccalaur\u00e9at en \u00e9ducation. Probablement, l&rsquo;une des meilleures d\u00e9cisions de ma vie. Gr\u00e2ce \u00e0 ce brevet d&rsquo;origine ontarienne, j&rsquo;ai eu la chance de vivre une carri\u00e8re extraordinaire dans le Conseil scolaire de district catholique de l&rsquo;Est ontarien. Aujourd&rsquo;hui, je suis \u00e0 la retraite et j&rsquo;apprends \u00e0 vivre le moment pr\u00e9sent au quotidien. <\/p>\n\n\n\n<p class=\"wp-block-paragraph\">Je me retrouve apr\u00e8s tant d&rsquo;ann\u00e9es. J&rsquo;ai enfin le privil\u00e8ge de d\u00e9dier tout mon temps \u00e0 mon bien-\u00eatre et celui des \u00eatre chers qui m&rsquo;entourent. Maman de deux grandes filles extraordinaires et \u00e9pouse d&rsquo;un homme g\u00e9n\u00e9reux, pr\u00e9sent et attentif, je suis combl\u00e9e. Je souhaite davantage prendre du temps pour mes parents, des gens qui ont pav\u00e9 ma route, une route bord\u00e9e de valeurs, d&rsquo;amour et de gratitude.<\/p>\n\n\n\n<p class=\"wp-block-paragraph\">Je me sens bien choy\u00e9e de partager les bancs du parc avec vous ainsi qu&rsquo;avec tous les gens qui s&rsquo;y baladeront. Au plaisir de vous conna\u00eetre!<\/p>\n\n\n\n<p class=\"has-text-align-right wp-block-paragraph\">Chantal<\/p>\n","protected":false},"excerpt":{"rendered":"<p>Une fille de la campagne&#8230; Pour ceux et celles qui s&rsquo;y int\u00e9ressent, je me pr\u00e9sente bri\u00e8vement. Je suis une fille de Namur, QC. Un petit hameau au sein d&rsquo;une vall\u00e9e dans la Petite-Nation. J&rsquo;ai fait le gros saut vers la ville d&rsquo;Ottawa afin d&rsquo;y obtenir mon Baccalaur\u00e9at en \u00e9ducation. Probablement, l&rsquo;une des meilleures d\u00e9cisions de<a class=\"more-link\" href=\"https:\/\/lepetitparc.ca\/chantal\/a-propos\/\">Continue reading <span class=\"screen-reader-text\">\u00ab\u00a0\u00c0 propos\u00a0\u00bb<\/span><\/a><\/p>\n","protected":false},"author":21,"featured_media":0,"parent":0,"menu_order":-2,"comment_status":"closed","ping_status":"closed","template":"","meta":{"_acf_changed":false,"_crdt_document":"","disable_featured_image":false,"footnotes":""},"genres":[],"class_list":["post-81","page","type-page","status-publish","hentry","entry"],"acf":[],"_links":{"self":[{"href":"https:\/\/lepetitparc.ca\/chantal\/wp-json\/wp\/v2\/pages\/81","targetHints":{"allow":["GET"]}}],"collection":[{"href":"https:\/\/lepetitparc.ca\/chantal\/wp-json\/wp\/v2\/pages"}],"about":[{"href":"https:\/\/lepetitparc.ca\/chantal\/wp-json\/wp\/v2\/types\/page"}],"author":[{"embeddable":true,"href":"https:\/\/lepetitparc.ca\/chantal\/wp-json\/wp\/v2\/users\/21"}],"replies":[{"embeddable":true,"href":"https:\/\/lepetitparc.ca\/chantal\/wp-json\/wp\/v2\/comments?post=81"}],"version-history":[{"count":3,"href":"https:\/\/lepetitparc.ca\/chantal\/wp-json\/wp\/v2\/pages\/81\/revisions"}],"predecessor-version":[{"id":98,"href":"https:\/\/lepetitparc.ca\/chantal\/wp-json\/wp\/v2\/pages\/81\/revisions\/98"}],"wp:attachment":[{"href":"https:\/\/lepetitparc.ca\/chantal\/wp-json\/wp\/v2\/media?parent=81"}],"wp:term":[{"taxonomy":"genres","embeddable":true,"href":"https:\/\/lepetitparc.ca\/chantal\/wp-json\/wp\/v2\/genres?post=81"}],"curies":[{"name":"wp","href":"https:\/\/api.w.org\/{rel}","templated":true}]}}