{"id":68,"date":"2022-11-21T15:05:22","date_gmt":"2022-11-21T20:05:22","guid":{"rendered":"https:\/\/lepetitparc.ca\/bancdessai\/?page_id=68"},"modified":"2023-09-04T13:33:16","modified_gmt":"2023-09-04T17:33:16","slug":"participer","status":"publish","type":"page","link":"https:\/\/lepetitparc.ca\/bancdessai\/participer\/","title":{"rendered":"Exprimez-vous!"},"content":{"rendered":"\n<h4 class=\"wp-block-heading\">Comment participer<\/h4>\n\n\n\n<p class=\"wp-block-paragraph\">Pour publier sur le Banc d\u2019essai, il suffit de r\u00e9diger votre texte et nous le faire parvenir par courriel \u00e0 l\u2019adresse: <a href=\"mailto:stephanie.pelot.beland@gmail.com\">stephanie.pelot.beland@gmail.com<\/a>.<\/p>\n\n\n\n<p class=\"wp-block-paragraph\">Il n\u2019y a pas de limites au nombre de mots et vous pouvez \u00e9crire sur n\u2019importe quel sujet. Il y a toutefois quelques consignes:<\/p>\n\n\n\n<ul class=\"wp-block-list\" id=\"indent-liste\">\n<li>Les opinions exprim\u00e9es et contenus doivent t\u00e9moigner de respect<\/li>\n\n\n\n<li>Le texte doit \u00eatre original et vous devez en \u00eatre l\u2019auteure ou l\u2019auteur<\/li>\n\n\n\n<li>Le contenu visuel doit \u00eatre original ou libre de droits<\/li>\n\n\n\n<li>Les billets en soutien \u00e0 la promotion d\u2019un produit seront accept\u00e9s dans la mesure o\u00f9 le contenu du billet est original et valable en soi.<\/li>\n\n\n\n<li>Il faut allouer quelques jours pour la publication du billet.<\/li>\n<\/ul>\n\n\n\n<p class=\"wp-block-paragraph\">Si vous avez des questions, n\u2019h\u00e9sitez pas \u00e0 communiquer avec Stephanie \u00e0 l\u2019adresse plus haut.<\/p>\n","protected":false},"excerpt":{"rendered":"<p>Comment participer Pour publier sur le Banc d\u2019essai, il suffit de r\u00e9diger votre texte et nous le faire parvenir par courriel \u00e0 l\u2019adresse: stephanie.pelot.beland@gmail.com. Il n\u2019y a pas de limites au nombre de mots et vous pouvez \u00e9crire sur n\u2019importe quel sujet. Il y a toutefois quelques consignes: Si vous avez des questions, n\u2019h\u00e9sitez pas [&hellip;]<\/p>\n","protected":false},"author":1,"featured_media":0,"parent":0,"menu_order":0,"comment_status":"closed","ping_status":"closed","template":"","meta":{"_acf_changed":false,"_crdt_document":"","site-sidebar-layout":"default","site-content-layout":"","ast-site-content-layout":"default","site-content-style":"default","site-sidebar-style":"default","ast-global-header-display":"","ast-banner-title-visibility":"","ast-main-header-display":"","ast-hfb-above-header-display":"","ast-hfb-below-header-display":"","ast-hfb-mobile-header-display":"","site-post-title":"","ast-breadcrumbs-content":"","ast-featured-img":"","footer-sml-layout":"","ast-disable-related-posts":"","theme-transparent-header-meta":"","adv-header-id-meta":"","stick-header-meta":"","header-above-stick-meta":"","header-main-stick-meta":"","header-below-stick-meta":"","astra-migrate-meta-layouts":"set","ast-page-background-enabled":"default","ast-page-background-meta":{"desktop":{"background-color":"var(--ast-global-color-4)","background-image":"","background-repeat":"repeat","background-position":"center center","background-size":"auto","background-attachment":"scroll","background-type":"","background-media":"","overlay-type":"","overlay-color":"","overlay-opacity":"","overlay-gradient":""},"tablet":{"background-color":"","background-image":"","background-repeat":"repeat","background-position":"center center","background-size":"auto","background-attachment":"scroll","background-type":"","background-media":"","overlay-type":"","overlay-color":"","overlay-opacity":"","overlay-gradient":""},"mobile":{"background-color":"","background-image":"","background-repeat":"repeat","background-position":"center center","background-size":"auto","background-attachment":"scroll","background-type":"","background-media":"","overlay-type":"","overlay-color":"","overlay-opacity":"","overlay-gradient":""}},"ast-content-background-meta":{"desktop":{"background-color":"var(--ast-global-color-5)","background-image":"","background-repeat":"repeat","background-position":"center center","background-size":"auto","background-attachment":"scroll","background-type":"","background-media":"","overlay-type":"","overlay-color":"","overlay-opacity":"","overlay-gradient":""},"tablet":{"background-color":"var(--ast-global-color-5)","background-image":"","background-repeat":"repeat","background-position":"center center","background-size":"auto","background-attachment":"scroll","background-type":"","background-media":"","overlay-type":"","overlay-color":"","overlay-opacity":"","overlay-gradient":""},"mobile":{"background-color":"var(--ast-global-color-5)","background-image":"","background-repeat":"repeat","background-position":"center center","background-size":"auto","background-attachment":"scroll","background-type":"","background-media":"","overlay-type":"","overlay-color":"","overlay-opacity":"","overlay-gradient":""}},"footnotes":""},"genres":[],"class_list":["post-68","page","type-page","status-publish","hentry"],"acf":[],"_links":{"self":[{"href":"https:\/\/lepetitparc.ca\/bancdessai\/wp-json\/wp\/v2\/pages\/68","targetHints":{"allow":["GET"]}}],"collection":[{"href":"https:\/\/lepetitparc.ca\/bancdessai\/wp-json\/wp\/v2\/pages"}],"about":[{"href":"https:\/\/lepetitparc.ca\/bancdessai\/wp-json\/wp\/v2\/types\/page"}],"author":[{"embeddable":true,"href":"https:\/\/lepetitparc.ca\/bancdessai\/wp-json\/wp\/v2\/users\/1"}],"replies":[{"embeddable":true,"href":"https:\/\/lepetitparc.ca\/bancdessai\/wp-json\/wp\/v2\/comments?post=68"}],"version-history":[{"count":11,"href":"https:\/\/lepetitparc.ca\/bancdessai\/wp-json\/wp\/v2\/pages\/68\/revisions"}],"predecessor-version":[{"id":217,"href":"https:\/\/lepetitparc.ca\/bancdessai\/wp-json\/wp\/v2\/pages\/68\/revisions\/217"}],"wp:attachment":[{"href":"https:\/\/lepetitparc.ca\/bancdessai\/wp-json\/wp\/v2\/media?parent=68"}],"wp:term":[{"taxonomy":"genres","embeddable":true,"href":"https:\/\/lepetitparc.ca\/bancdessai\/wp-json\/wp\/v2\/genres?post=68"}],"curies":[{"name":"wp","href":"https:\/\/api.w.org\/{rel}","templated":true}]}}